 16 = 2*h, -x + h + h = -n. What is the units digit of x?
2
Let x be -1*-1*(-2)/(-2). Let a(z) = 11*z**3 - 2*z**2 + 1. What is the units digit of a(x)?
0
Suppose y - 2 + 11 = 0. Let v = 20 + y. What is the tens digit of v?
1
Let j be 5/(-15) - (-14)/6. Let t = j + -5. What is the units digit of (-4)/(t/(-30)*-4)?
0
What is the tens digit of ((-196)/6)/((-22)/33)?
4
Suppose 4*a + 0*a = 4. What is the units digit of a?
1
Let w(d) = d + 6. Let z be w(-6). Suppose 4*h - 87 = -2*p + 3*p, z = 2*p + 6. Suppose h = 2*r + r. What is the units digit of r?
7
Let q = 4 - 4. Let s = q - 7. Let j = -6 - s. What is the units digit of j?
1
Suppose 15*n - 4*n = 209. What is the tens digit of n?
1
Let l = -13 + 23. What is the units digit of (4/l)/(6/360)?
4
What is the units digit of 3/4 + 616/32?
0
Suppose 8*h - 753 = -169. What is the tens digit of h?
7
Suppose 2*v - 23 = 4*p + 3*v, 2*v = -5*p - 25. Let k be p/2 + 2/4. What is the tens digit of -1 - (-39)/((-9)/k)?
1
Let z be 1 + (-1)/3*0. Let w(n) = n + 0*n + 2 + z. What is the units digit of w(3)?
6
What is the tens digit of 2/(-3 - (-460)/152)?
7
Suppose 9 = 3*y - 3*t, 2*y + 4 = -3*t + 25. Let o be (-1)/3 + 2/y. Suppose h + o = 4. What is the units digit of h?
4
Suppose 6 = 2*i - 0. Let p be (2 - i)/(1/(-11)). Let m = -7 + p. What is the units digit of m?
4
Let z = -27 - -61. What is the units digit of z?
4
Suppose 0 = -5*w + 223 + 72. What is the tens digit of w?
5
Let n be 3*6/(-9) - -5. Let k = 1 + n. Suppose 0*a - k*a + 24 = 0. What is the units digit of a?
6
What is the units digit of ((-265)/2 + 5)*-2?
5
Suppose 0 = 2*j - 4*j. Suppose 3*k - f - 57 = 0, 54 = -j*k + 3*k - 2*f. What is the units digit of k?
0
Let b(q) = -q**3 - 5*q**2 + 6*q - 2. Let y be b(-6). Let s = 9 + y. What is the units digit of s?
7
Let j = 4 - -1. Suppose -10 + 0 = -2*h - d, -2*d + 24 = j*h. What is the units digit of h?
4
Let r = 2 - 14. Let k = r - -20. Let s = k + -7. What is the units digit of s?
1
Let i(p) = p**3 + 23*p**2 - 9*p - 14. What is the tens digit of i(-23)?
9
What is the tens digit of ((-17)/2)/((-3)/(-36)*-2)?
5
Suppose -4*x + 8 = -0*x. Let o(z) = z + 4. Let k be o(-2). Suppose -k*h + 8 = x*h. What is the units digit of h?
2
Suppose 1 - 9 = -4*n. What is the units digit of (-3 - -5*10) + n?
9
Suppose 2*c - 4 = 2. Suppose q + c - 9 = 0. What is the units digit of q?
6
What is the hundreds digit of (3 - 2*-73)/1?
1
Let l(q) = 4*q**3 + q**2 + 3*q - 2. Let o = 15 + -13. What is the tens digit of l(o)?
4
Let d(o) = 4*o**3 - 4*o**2 + 2*o + 1. Let p(f) = -f**2 + 5*f + 7. Let q be p(6). Let s be (-3 - -8 - q)/2. What is the tens digit of d(s)?
2
Let a = 39 - 71. Let o be (-4)/12 - a/6. Suppose -3*i + 5*h + o = -37, 0 = -i - 4*h - 3. What is the units digit of i?
9
Let k(z) be the third derivative of 19*z**4/24 - z**3/6 - 2*z**2. What is the tens digit of k(1)?
1
Let z(x) = -15*x**3 - 7*x**2 - 8*x - 1. Let p(k) = 46*k**3 + 20*k**2 + 23*k + 3. Let h(j) = -6*p(j) - 17*z(j). What is the units digit of h(-1)?
1
Let r(x) = x**3 - 4*x**2 + 2*x - 5. Let v be r(4). Suppose 2*k - 46 = -4*w, -3*w - v*k + 38 = 5. Suppose -3*c - w = -6*c. What is the units digit of c?
4
Let f(a) = a**2 - 10*a + 9. Let d be f(9). Suppose 5*l = -4*k + 59, d = 4*l - 7 - 5. What is the tens digit of k?
1
Let g be (-74)/3*9/(-6). Let k = g - 15. What is the units digit of k/18 + (-8)/36?
1
Let j = -12 + 18. Let i(x) = x**2 - 7*x + 1. Let p be i(j). Let a = p + 10. What is the units digit of a?
5
Let n be 4/6*(1 - 4). What is the units digit of (n - 6)/(6/(-9))?
2
Suppose 5*j = 9*j - 92. Let w = j - 8. What is the units digit of w?
5
What is the tens digit of (-1)/(-5) - 17523/(-135)?
3
Suppose -q = 114 - 429. What is the hundreds digit of q?
3
Let b = -8 + 11. Suppose -b*p - 21 = -0. Let c = -4 - p. What is the units digit of c?
3
Let i(k) = 8 - 2*k + k**3 + 6*k - 3*k + 0*k**3. Let r be i(0). Suppose c - 20 = -r. What is the tens digit of c?
1
Let s(q) = -2*q - 1. What is the units digit of s(-3)?
5
Let c be 145/30 + 2/12. Let p(r) = -r**3 - 4*r**2 + r + 1. Let o be p(-4). Let j = o + c. What is the units digit of j?
2
Let t = 30 + -14. What is the tens digit of t?
1
Let x(a) = a**2 - 6*a - 10. Let g be x(8). Suppose -g*y = -2*y - 12. Suppose -5 = -y*u + 19. What is the units digit of u?
8
Suppose 0 = -d - 3*t + 28, 2*t + 36 + 6 = 4*d. Let h(s) = -s**2 + 6*s - 8. Let m be h(6). Let k = d + m. What is the units digit of k?
5
Let y = -7 - -14. Let g = y + 1. Suppose 8 = 4*x - g. What is the units digit of x?
4
Suppose 4*b - 6 = -2. Let d = 4 - b. Suppose -g - 2 = -d. What is the units digit of g?
1
Suppose 4*m - 32 = 5*k, -2*m + 34 = -0*m + 2*k. What is the units digit of m?
3
Let c(t) = -t**3 - 15*t**2 - 2*t + 30. What is the units digit of c(-15)?
0
Let v(n) = -n**3 + 13*n**2 + 14*n + 14. What is the tens digit of v(14)?
1
Let o(q) be the second derivative of q**5/20 - 7*q**4/12 - q**2/2 + 2*q. Let x be o(7). Let f(m) = 7*m**2 + 1. What is the units digit of f(x)?
8
Let z(b) = -2*b**2 - 9*b**2 + 11*b + 2*b - b**3 + 14 + 0*b**3. Let a be z(-12). What is the units digit of (-165)/(-25) - a/(-5)?
7
Suppose -5*x = -10*x + 1705. What is the tens digit of x?
4
Suppose -k + 0*k - 23 = 0. Let x = -13 - k. What is the tens digit of x?
1
Suppose 0 = 3*l + p - 6*p - 22, 0 = l - 2*p - 8. Suppose 45 = m + l*m. Suppose 3*r - m = 18. What is the units digit of r?
9
Suppose -2*s + 19 - 25 = 0. Let z = 1 + -1. What is the units digit of s/6*z + 12?
2
Let q(l) = l**2 + 10*l - 10. Let r = -4 + 7. Suppose -r*p - 48 = p. What is the tens digit of q(p)?
1
Let h(w) = -4*w - 7. Let u be h(-5). Suppose 5*r - u = 42. What is the tens digit of r?
1
Let i(w) be the second derivative of -w**5/20 + w**4/3 + 5*w**3/6 + 3*w**2 - 2*w. What is the units digit of i(5)?
6
Let m = -169 - -239. Suppose 0 = 2*g - m + 14. What is the units digit of g?
8
Suppose 0 = -d - 2*s - 0 + 1, 4*d + 3*s = -1. Let x = d + 0. Let v(w) = 2*w**2 + w. What is the units digit of v(x)?
1
Suppose -2*o = -2*v + 2*o - 24, 0 = -3*v + 4*o - 40. Let w be 220/v + 1/(-4). Let k = w + 21. What is the units digit of k?
7
Let o(s) = -5*s. Let d(u) = u. Let t(c) = 18*d(c) + 4*o(c). Suppose 0 = -0*v - 3*v + 3, 3*a + 5 = 2*v. What is the units digit of t(a)?
2
Suppose -3*j - 322 + 1096 = 0. What is the units digit of j/9 + 4/12?
9
Let r(o) = -2*o - 9. Let h be r(-8). Suppose 2*v + 2 - 6 = 0. Suppose -v*w + 33 = -h. What is the units digit of w?
0
Let k = -3 - 0. Let d(b) = -b**3 - 2*b**2 + b + 4. What is the units digit of d(k)?
0
Let z = -1 - -1. Suppose 0 = -3*v - z - 21. What is the units digit of (-8)/(-28) + (-40)/v?
6
Let m(p) = p + 19. Let j be m(-14). Suppose 4*b + j*c - 107 = 0, -95 = -2*b - 2*b - c. What is the tens digit of b?
2
Suppose 3*t - 15 = -0*t. Suppose -81 = -t*i + 29. What is the tens digit of i?
2
What is the tens digit of (-6)/(-4) - (-3)/6*157?
8
Let q(t) = t + 1. Let z be (-2)/6 - 6/9. Let j be (-2)/(-1) + 0/z. What is the units digit of q(j)?
3
Let x be 2 - (-1 - -1*3). Suppose 0*a + a = x. What is the units digit of (-8 + a)*(1 + -2)?
8
Suppose 4*x = 2*x + 8. Suppose -100 = -x*z - 4*p, -5*p - 71 = -2*z - 0*p. What is the units digit of z?
8
Suppose 3 = v + 2*v. Suppose 0 = -y + 4 - v. Let m = y + 0. What is the units digit of m?
3
Suppose 2*i - 1 = 3*i, -5*i + 25 = -f. Let w = -15 - f. Suppose 1 = 2*a - w. What is the units digit of a?
8
Let j(o) = o**2 + 12*o - 7. What is the units digit of j(-19)?
6
What is the units digit of 2/(2/69 - 0)?
9
Let d(f) = -f**2 + f - 1. Let i(p) = 4*p**2 + p + 6. Let j(g) = -3*d(g) - i(g). What is the units digit of j(-2)?
1
Let t = -28 - -54. Suppose -t = -4*l - a, l + a - 4 = 2*a. What is the units digit of l?
6
Let m = -13 + 25. What is the units digit of (-8)/m + 11/3?
3
Suppose -4*l + 4*q + 4 + 4 = 0, -4*q - 18 = l. Let i = l + 6. What is the units digit of i?
4
Let f(t) be the third derivative of t**6/60 - t**5/15 + t**4/6 - t**3/3 + 6*t**2. What is the tens digit of f(3)?
2
Let l = -5 - -17. What is the tens digit of l?
1
Let s = -5 + 7. Suppose -5*v - 1 = 4*m, 3*m + 10 = -2*v - m. Suppose i - 7 = -t, i = s*i - v*t - 15. What is the units digit of i?
9
Suppose 0 = -5*s + 146 + 414. Suppose -4*b - 28 = -s. What is the tens digit of b?
2
Let p(l) = -l**2